 -b**5/60 - 11*b**4/24 - 10*b**3/3 - b**2 + 14*b + 218. Let q(d) be the second derivative of s(d). Calculate q(-9).
-2
Let u(c) be the second derivative of -c**3/6 - c**2 + 469*c. Suppose -2*i + 3*s - 14 = s, 0 = -5*i - 2*s - 35. Determine u(i).
5
Let m(q) = -q - 5. Let k(y) = -y - 83 + 30 + 27 + 25 + 6*y**2. Let j be k(1). Suppose o + j*o = -11*o. What is m(o)?
-5
Let p(m) = -m**3 - 5*m**2 - 4*m. Let s be (16/(-10))/((-7)/(-245)). Let n be 2088/s - 4/(-14). Let x = n - -34. What is p(x)?
-6
Let y(d) be the second derivative of -d**5/20 - d**4/2 - d**3/3 - d. Let t(b) = -982*b + 11779. Let r be t(12). Calculate y(r).
-15
Let y(n) be the second derivative of -2*n**3 - 75*n**2 - 459*n - 2. Give y(-12).
-6
Let c = 435 + -428. Let d(k) = c + 3 + 7*k + 6 - 22 + 8. Calculate d(-1).
-5
Let b(o) = -3*o**3 - 3*o**2 + 18*o - 3. Let t(p) = -p**3 - 2*p**2 + 8*p - 1. Let y(r) = 2*b(r) - 5*t(r). Let z be 3*2/(-10)*-5. What is y(z)?
-4
Suppose 3*q - q = q. Let d(a) be the first derivative of 1/4*a**4 - 1/3*a**3 - 6 + a + 0*a**2. What is d(q)?
1
Suppose 2*w - 2*p = 0, -2*w - 2*w - 3*p = 0. Suppose w = -4*k - 3 - 13. Let i(q) = q**2 - q + 4. Calculate i(k).
24
Let b(z) = 2*z**3 - 20*z**2 - 14*z + 145. Let q be b(10). Let h(w) = -18*w + 21. What is h(q)?
-69
Let n(t) = t**2 + 8*t + 7. Let x be n(-5). Let z = -9 - x. Let o(f) = 159 + f + 158 - 484 + 167. Give o(z).
-1
Let r(b) be the third derivative of b**6/120 + 7*b**5/30 + 47*b**4/24 - 5*b**3/2 + 7*b**2. Let a be r(-8). Let k(c) = 2*c + 10. What is k(a)?
-4
Let h be 10/(-6) - (101 - 7)*(-1)/6. Let x(t) = -t**3 + 13*t**2 + 16*t - 7. What is x(h)?
21
Let q(g) = -3*g. Suppose -90 = 4*p + 2*p. Let l = -12 - p. Let r(f) = f**3 - 2*f**2 - 2*f - 1. Let k be r(l). Determine q(k).
-6
Suppose 0 = 11*w - 2*w - 27. Suppose 0 = -w*v - 3*b - 39, v + 11 = -5*b - 14. Let s(k) = -k**2 - 12*k + 12. Calculate s(v).
32
Suppose -15 = 50*a - 47*a. Let z(l) be the first derivative of l**2 + 9*l - 9. Give z(a).
-1
Suppose 4*u = -x + 2*u + 18, 103 = 5*x - 3*u. Suppose 24*o = x*o + 116. Let a = o - 34. Let l(n) = n**3 + 5*n**2 + 2*n + 7. Determine l(a).
-3
Let j be (2 + -18)*(3 + (-5)/1). Let s = -19 + j. Let f(r) = -r**3 + 14*r**2 - 12*r - 13. Let m be f(s). Let q(o) = o - 2. Calculate q(m).
-2
Let m be (2/(-3)*4)/(63/189). Let o = 38 - 36. Let a(q) = -5*q + 1 - 9*q**o - q**3 - 8*q + 4*q. Give a(m).
9
Let x(v) be the first derivative of 9/2*v**2 + 0*v + 14 - 3*v**3 + 1/60*v**5 - 1/24*v**4. Let r(j) be the second derivative of x(j). Calculate r(0).
-18
Let a(v) = -388*v + 153. Let m(n) = -86*n + 34. Let w(g) = 2*a(g) - 9*m(g). Let t(o) = -o**2 + 6*o - 2. Let d be t(3). Let r = d + 0. What is w(r)?
-14
Let u(s) be the second derivative of -s**5/20 - 11*s**4/12 + 2*s**3 - s**2 - s. Let h = -764 + 1100. Let t be 126/(-10) + (-9 - h/(-35)). What is u(t)?
-2
Let h(t) = -t - 15. Let b be h(-11). Let p(l) = l + 9. Let s be p(b). Let o(i) = i**2 - 3*i + 0 + 3*i + 8 - 13. Determine o(s).
20
Let u = -14923 + 14932. Let s(g) = -2*g**2 + 19*g - 28. Give s(u).
-19
Let y(l) = l**2 + l - 44. Let a(v) = -v**2 + 3*v + 1. Let i(g) = 4*a(g) + y(g). Give i(5).
-50
Let a = -33144 - -33137. Let l(g) = g**3 + 9*g**2 + 19*g + 7. Give l(a).
-28
Let d(u) = 3*u + 43. Let i = -3289 - -3278. What is d(i)?
10
Let y(a) = 49*a**2 + 9*a + 4. Let q(s) = 109*s**2 + 19*s + 7. Let l(h) = -4*q(h) + 9*y(h). Calculate l(-3).
38
Let r(h) = 2*h**2 + 3*h - 6. Let z be r(-3). Let s(l) = 2 - 2 - z*l - 6. Calculate s(-4).
6
Let r(a) = a**3 - a**2 - 10*a + 23. Let j be 15*12*13/780. Calculate r(j).
11
Let i be 2/4 - 9/6. Let w = i + -2. Let p(d) = 6340 - d + 6342 - 12680. Calculate p(w).
5
Suppose -72*k + 3*x = -74*k + 18, 5*x = -2*k + 30. Let q(w) be the second derivative of 11/2*w**2 + 1/6*w**3 + 11*w + k. Calculate q(-9).
2
Let g = -191 + 197. Let t(r) be the second derivative of r**5/20 - r**4/2 - r**3/2 + 5*r**2/2 + r - 13. Give t(g).
-13
Suppose h = -v + 18, v - h + 4 = 22. Let q(w) = w**3 - 17*w**2 - 19*w + 15. Give q(v).
-3
Let p(f) be the first derivative of -f**2 + 6*f - 1. Let c = 182684 + -182692. Give p(c).
22
Let u(y) = -10 + 3 - 3 + 5 + 0 - 17*y - y**2. What is u(-9)?
67
Let y(h) = -8*h + 73. Let i(l) = 2*l - 19. Let j(n) = -33*i(n) - 9*y(n). What is j(4)?
-6
Suppose 5*d - 5 = -0. Let z(r) = -r**2 + 7*r - 2. Let y(m) = -m + 1. Let v(n) = d*z(n) + 4*y(n). Calculate v(4).
-2
Let x(s) = 3*s - 7. Let f(c) = -c**2 + c - 1. Let g be f(-6). Let z = -37 - g. Give x(z).
11
Let b(u) = -u + u + 6*u + 5*u + u**2 - 8*u + 3. Suppose -4*o + 2*m = o - 20, m + 20 = 5*o. Let h be (0 + 3)/(o - 5). Determine b(h).
3
Let o(h) = -3*h - 9*h**3 + 29*h**2 + 8472 - 8483 + 7*h**3 + 24*h - 5*h. Give o(15).
4
Let c(f) = -4*f + 4*f - 10 + 20 + 3*f. Let q(u) = 3*u + 11. Let g(m) = 4*c(m) - 3*q(m). Let t(n) = -5*n**2 - 31*n + 23. Let w be t(-7). Determine g(w).
-8
Let o(m) = 67*m + 27. Let x be o(4). Suppose -287*r = -x*r. Let n(k) = k**3 + k**2 + k - 6. Determine n(r).
-6
Let a(d) = -d**2 + 27*d + 13. Let m be a(18). Suppose 18*t - m = 59. Let o(z) = z**2 - 13*z - 6. Determine o(t).
-6
Let w(s) = -30*s + 1. Let r be w(-1). Suppose -2 = 2*u, -6*z + r = -z + 4*u. Let a(n) = -n**2 + 6*n + 5. Determine a(z).
-2
Let j be (-8)/28 - (-642)/42. Suppose 18*g = -123 + j. Let m(u) = -u**2 - 5*u + 11. Calculate m(g).
5
Suppose 5*t + 12 = -2*p, p + 10 = -4*t - 2. Suppose p*l + l = 70. Suppose 2*x + 5*u = u + l, 5*u = -3*x + 20. Let d(v) = v - 4. Give d(x).
1
Suppose -4770*b + 2*k = -4766*b - 6, -5*k = b + 37. Let s(j) = 83*j - 4. Give s(b).
-170
Let t(f) = -f**3 - 26*f**2 - 26*f - 18. Suppose 0 = 3*w - 3*x + 63, -141 + 121 = 5*x. Calculate t(w).
7
Suppose -54*c + 675*c = -209*c - 3320. Let w(b) be the first derivative of -3/2*b**2 - 5*b - 2. Give w(c).
7
Let f(v) = -63 + v + 199 - 65 - 48 + v. What is f(-5)?
13
Let r(g) = 19*g + 221. Let u(m) = 7*m + 84. Let y(x) = 3*r(x) - 8*u(x). Determine y(-4).
-13
Let v be (-3)/6*2*-1. Let b(h) = 126383*h**2 + 9*h - 126401*h**2 - 8*h. Give b(v).
-17
Suppose -4*f = -d - 7 - 12, -d - 4*f + 13 = 0. Let r(t) = t**3 + t**2 - 9*t - 10. Let b be r(d). Let p(k) = 5*k**2 - 2*k - 1. What is p(b)?
6
Suppose 16*d + 6 = 18*d. Let t(h) be the first derivative of h**3/3 - h**2/2 - 2*h - 685. Determine t(d).
4
Let s(z) = 113*z**2 - 30*z - 87. Let v(x) = 264*x**2 - 60*x - 174. Let b(c) = 7*s(c) - 3*v(c). Determine b(-22).
89
Let b(k) = k**2 - 4*k - 10. Suppose 0 = -2*n + 5*j + 8, n - j - 1 = 3. Let a be (16 - -6)/(2/n*4). Suppose -73 - a = -12*c. Give b(c).
11
Let h(g) = g - 19. Suppose -5*d + 3*j + 69 + 8 = 0, -3*j + 75 = 3*d. What is h(d)?
0
Let f(o) = -o**3 - 11*o**2 - 10*o - 58. Let i be f(-14). Let h(v) = -v + i - 671 + 3*v. Determine h(4).
7
Suppose -d + 4*u - 2*u - 375 = 0, 0 = 2*u. Let t be d/90 + 3/18. Let b(l) = l**2 + 2*l + 3. Calculate b(t).
11
Let k(x) = 2*x**3 + 14*x**2 + 11*x - 3. Let h be k(-6). Let o(g) be the first derivative of -h*g**2 + 7 - 2*g + 1/3*g**3. Calculate o(6).
-2
Let g(m) = -4*m**2 + 14*m - 3. Let j(o) = -6*o**2 + 16*o - 10. Let p(y) = 4*g(y) - 3*j(y). What is p(-4)?
18
Let q(z) = 284*z + 178. Let l(s) = -118*s - 71. Let a(k) = -12*l(k) - 5*q(k). Give a(-10).
2
Let h be 1599/123 + 1*-8. Let q(y) = -12*y + 72. Determine q(h).
12
Let c(d) = 9*d + 2. Let x(n) = n**2 + 13*n - 65. Let f = 198 - 215. Let l be x(f). Calculate c(l).
29
Let o(t) = t - 7. Let k = -3 + 68. Suppose k*l = 64*l. Suppose 0 = -3*a + h + 20 - l, -3*a + 26 = -4*h. Give o(a).
-1
Let a = 410 + -346. Let p(z) = -a + 182 + 6*z - 56 - 59. Determine p(-1).
-3
Let i(j) = 17*j + 263. Suppose c = 2*m + 28, 146 - 97 = -3*m - 2*c. What is i(m)?
8
Let v(c) = 4 + c**3 + 7*c**2 + 0*c**3 - 6. Suppose t = 1, t - 21 = -3*x - 2*x. Suppose -3*f + 5*u - 16 = 0, 2*f + 17 = x*u + 7. Give v(f).
-2
Let f(j) be the third derivative of j**4/24 - 2*j**3/3 + 5*j**2. Let w be f(17). Let v = w + -16. Let m(a) = a**2 + 2*a + 1. Calculate m(v).
4
Let k(a) = 2*a - 6. Let r(h) = h**2 + 107*h + 1874. Let o be r(-85). Give k(o).
2
Let f(g) = g**3 + 33*g**2 - 2*g - 69. Suppose 0 = -4*w - 3*a - 135, -18*a - 115 = -97. Give f(w).
-3
Let p(c) = c**2 - 3*c + 4. Let t be p(2). Let y(m) be the second derivative of 0 + 3/2*m**2 - 4/3*m**3 + 2*m. What is y(t)?
-13
Let s(u) = u**2 - 15*u - 9. Let y be 4*80/64 - -13. Give s(y).
45
